t the prime factors of ((-3)/15)/((-5)/6925).
277
Let y(r) = -2*r**2 + 14*r - 6. Let v be y(6). Let t = v - -5. Let n = 31 - t. List the prime factors of n.
2, 5
Suppose 2*h - 192 + 538 = 0. Let l = h + 324. What are the prime factors of l?
151
Suppose 0 = -6*h + 2*h - 104. Let n = h - -67. Suppose -2*w + 5*l = -n, -77 = -5*w + l + 3*l. List the prime factors of w.
13
Suppose 0 = -7*r + 13*r - 2028. Let d = r - 225. List the prime factors of d.
113
Let f = 13 + -9. Suppose f*n = -2*y - 2, -3*n - 9 = -3*y + 2*y. Suppose 0 = y*w - 2*q - 74, 0*w + w - q - 25 = 0. List the prime factors of w.
2, 3
Let n(v) = 19*v + 55. Let t(i) = 29*i + 83. Let m(c) = -8*n(c) + 5*t(c). List the prime factors of m(-11).
2, 13
Suppose 2*f - 8*g = -4*g + 886, 451 = f + 2*g. Suppose -5*h = -c - f, -h - 3*c + 42 = -57. What are the prime factors of h?
2, 3, 5
Let k(c) = 3*c**3 + 7*c**2 - 14*c - 10. What are the prime factors of k(5)?
2, 5, 47
Let f(v) = -3*v - 4. Let m be f(-6). Let l = -11 + m. Suppose l*g - 115 = -2*g. What are the prime factors of g?
23
Let p(a) = 2*a - 4. Let c be p(2). Suppose c*v - x + 11 = 2*v, 4 = 4*v - 4*x. Suppose 33 = v*h - h. What are the prime factors of h?
11
Let f be 2/(2/5*1). Suppose 0 = 3*l - 3*t - 126, -f*t = 3*l - 2*t - 126. List the prime factors of l.
2, 3, 7
Suppose 0 + 1 = -a + y, 0 = -5*a - 5*y + 45. Suppose -a*r + l = -142, 0 = 3*l + 5 + 1. What are the prime factors of r?
5, 7
Let k = -64 - -59. Let b(y) be the first derivative of 4*y**3/3 + 11*y**2/2 + 8*y - 3. What are the prime factors of b(k)?
53
Suppose 7*a = -7*a + 6356. Let n = a - 258. List the prime factors of n.
2, 7
Let c be -1*(3 + -1 + -2). Suppose -2*g - 4*o + 14 + 186 = c, -70 = -g + 4*o. What are the prime factors of g?
2, 3, 5
Let r(x) = x**2 - 7*x + 14. Let u be r(7). Suppose 4*f - u = -2. What are the prime factors of 1 + f - (-24)/8?
7
Let i = -157 - -229. Let c = 135 - i. What are the prime factors of c?
3, 7
Let i = 7 - 8. List the prime factors of 97 - (i + -1 + 2).
97
Suppose 115193 = 20*u - 5207. What are the prime factors of u?
2, 5, 7, 43
Let q(y) be the second derivative of 7*y**4/6 - y**3/6 - y**2/2 - 3*y. Let l be q(-1). Let r = l - -8. What are the prime factors of r?
2, 11
Suppose -4*u + m + 13822 = 0, -6*u - m = -9*u + 10367. What are the prime factors of u?
5, 691
Suppose -u - 5161 - 3133 = -4*a, -a + 2*u + 2070 = 0. What are the prime factors of a?
2, 17, 61
Suppose -7*j - 18 + 2377 = 0. List the prime factors of j.
337
Let q(i) = 98*i**2 - 8*i. List the prime factors of q(-4).
2, 5
Suppose -j = -4*o + 6424, 0 = 4*o - 4*j + 2633 - 9069. List the prime factors of o.
3, 5, 107
What are the prime factors of (-12 - -5) + (-7)/(21/(-8844))?
17, 173
Let a be (18/(-8))/((-1)/48). Suppose 3*q = -3*b + a, -2*q + 188 = 3*q - 3*b. What are the prime factors of q?
37
Suppose 2*a = 4*j - 0*j - 6, -2*j + 7 = 3*a. Let x(n) = -a + n**2 - 2 + 0*n**2 + 6*n. What are the prime factors of x(-8)?
13
Suppose 0*i + 4*m = i + 5, -4*i = -2*m - 8. Suppose q - j = 10, 0*j + 15 = i*j. Suppose 4*t + 0 = a - 3, -a = 2*t - q. What are the prime factors of a?
11
Let x(y) = -y + 128. Let p be x(0). Let v = p - 54. Suppose -v - 19 = -3*a. List the prime factors of a.
31
Let k(u) = -u**3 - 6*u**2 - 2*u - 9. Let f be k(-6). Let o(w) = 2*w + 92. Let b be o(-11). Suppose f = -3*s - 3, 5*s = j - b. What are the prime factors of j?
2, 3, 5
Let o(i) = -i - 3. Let k be o(-1). List the prime factors of 4*(21/1 + k).
2, 19
Suppose -189 = -x - 3*m, -2*m + 4*m - 187 = -x. What are the prime factors of ((-16)/12)/(-4)*x?
61
List the prime factors of (0/7 - -5) + 370.
3, 5
Suppose 0 = 65*i - 8*i - 62871. What are the prime factors of i?
1103
Let t(b) = -4*b - 16. Let f be t(-4). Suppose 47*o - 46*o - 19 = f. List the prime factors of o.
19
Let z = 314 - 76. Let s = z + -84. What are the prime factors of s?
2, 7, 11
What are the prime factors of (10 - 980/(-7))/(6/45)?
3, 5
Suppose -19*z - 258 = -4438. List the prime factors of z.
2, 5, 11
Let b(z) = 3*z**2 + 22*z + 4. List the prime factors of b(-15).
349
Let f(j) = j**3 + 14*j**2 - 3*j - 14. Let z be f(-14). Suppose -3*h = c - 42, 2*h - 4*h = -3*c - z. What are the prime factors of h?
2, 7
Let w = -4 + 14. Suppose -2*d + u - 4*u = -45, 0 = 2*u + w. List the prime factors of d.
2, 3, 5
Let w(f) = -6*f**2 - 3*f**3 + 9*f**3 + 2*f - 5*f**3 - 10. What are the prime factors of w(7)?
53
Let h(k) = k**3 - 8*k**2 + 12*k + 17. Let g be h(6). Let b(j) = j**2 - 11*j + 17. What are the prime factors of b(g)?
7, 17
Suppose 5 + 195 = 5*f. Suppose 8*x - f = 6*x. Suppose x = 5*z - 35. List the prime factors of z.
11
Suppose 34*z - 18575 = 29*z - h, -4*h - 11122 = -3*z. List the prime factors of z.
2, 3, 619
Let n = -421 - -596. Let i = 288 - n. What are the prime factors of i?
113
Suppose -2*u - u - 3*m + 3 = 0, -2*u = m - 2. What are the prime factors of 2/u - (-12 - -4)*11?
2, 3, 5
Suppose -4*q - 124 = -0*q. Let u = 102 + q. What are the prime factors of u?
71
Suppose -1344 + 3945 = 9*g. Suppose -k - 14 = -g. What are the prime factors of k?
5, 11
Let q(o) be the third derivative of o**5/12 + o**4/4 + 5*o**3/6 + 10*o**2. List the prime factors of q(-3).
2
Let o = 9 + -9. Suppose o*z + 2*w = -2*z, -5*z = 4*w. Suppose 5*c - 6*c + 36 = z. What are the prime factors of c?
2, 3
Let h(o) = -111*o + 1. Let x be h(-1). Suppose 2*k = 2*p + x, 5*p = -8*k + 4*k + 188. List the prime factors of k.
2, 13
Suppose 15*y + 4365 = 20*y. What are the prime factors of y?
3, 97
Suppose 4*c - 8 = -2*o + 10, 2*o - 5*c = 0. Suppose o*k + 195 + 70 = 0. Let z = k - -91. What are the prime factors of z?
2, 19
Suppose 15*h - 8*h - 511 = 0. Suppose -b = -2*l - 116 - h, -3*b + 527 = 4*l. What are the prime factors of b?
181
Let z be 2/(-6) + 7/21. Suppose z*t + t + 28 = 0. Let u = 52 + t. List the prime factors of u.
2, 3
Suppose -7 = q - 34. Let r(v) = -5*v + 23. Let j be r(5). Let o = q + j. What are the prime factors of o?
5
What are the prime factors of (-12)/2 - (-1381 - -85)?
2, 3, 5, 43
Suppose -5*c + 507 = -4*t - 1542, -t - 1228 = -3*c. List the prime factors of c.
409
Suppose 15*n - 10944 = 3*n. List the prime factors of n.
2, 3, 19
Let m(o) = 89*o + 28. List the prime factors of m(4).
2, 3
List the prime factors of (356 - 0)*(-1)/(-1).
2, 89
Let x = 1178 - 579. List the prime factors of x.
599
Let b be 0 + (-1)/(-1) + -1 + 4. Suppose -71 = -o - b. List the prime factors of o.
67
Suppose 0*w = -2*w - 2*w. Suppose 0 = -3*f - z + 145, 3*f - 3*z + 37 - 166 = w. List the prime factors of f.
47
Suppose 0*f - f + 196 = 0. Suppose -11*z - f = -1648. What are the prime factors of z?
2, 3, 11
Let h be ((-72)/(-15))/3*5. Suppose -a + h = a. List the prime factors of (-6 + a)*(-2 - -1).
2
Let j(n) = 2*n**2 + 3*n - 2. Let i be j(-3). Let l be i/(21/18) - -1. Suppose o + 0 = l. List the prime factors of o.
7
Let i = 2596 - -74. What are the prime factors of i?
2, 3, 5, 89
Let m = -25 + 57. List the prime factors of m.
2
Let h(k) = -k**3 - 3*k**2 + 8*k. Let w be (-7)/((-42)/(-9))*4. List the prime factors of h(w).
2, 3, 5
Let i(k) = 9 + 3*k + 7 - 2*k. What are the prime factors of i(-10)?
2, 3
Let g(p) be the second derivative of -p**5/20 - p**4/3 + p**3/6 - p**2/2 + 8*p. Let c be g(-4). Let y = 23 + c. What are the prime factors of y?
2, 3
Let n(g) be the third derivative of g**4/24 - 5*g**3/2 + 9*g**2. Let t be n(15). Suppose t*c - 22 = -c. List the prime factors of c.
2, 11
Let z be (-1)/(-3) + (-60)/(-9). Let o(n) = 8*n**2 + 25*n + 2. Let u be o(-3). What are the prime factors of z/(u/((-14)/2))?
7
Let f(d) be the first derivative of d**4/4 - 5*d**3/3 - 5*d**2/2 + 8*d + 1. Let a be f(6). Let o = 42 - a. What are the prime factors of o?
2, 7
Let z = -10 - -10. Suppose z = -8*j + 4*j + 12. Suppose -m = -j, -11 = f - 4*m - 40. List the prime factors of f.
41
Let k be 3 + 0/(1/(2/(-4))). List the prime factors of (2/k)/(8/(-12)) + 98.
97
Let t(z) = 3*z**2 + 5*z - 1. Let s(r) = r**3 + 7*r**2 + 4*r - 8. Let a be s(-6). List the prime factors of t(a).
67
What are the prime factors of (-167775)/(-55) - 126/(-231)?
3, 113
Suppose 0 = v - 3*b - 368, 3*v + 2*v + 4*b - 1745 = 0. Let h = v + -215. What are the prime factors of h?
2, 3, 23
Let z = 240 - 180. List the prime factors of z.
2, 3